 1664. Determine z(-7).
2
Let b(c) = 46954*c**2 + 563447*c - 9. Calculate b(-12).
3
Let q(l) = -32201*l + 64421. Calculate q(2).
19
Let a(c) = -4*c**2 - 1356*c - 15744. Calculate a(-12).
-48
Let o(r) = -1928*r - 293070. Give o(-152).
-14
Let l(p) = -414*p - 1308. Calculate l(-3).
-66
Let l(t) = 24*t**3 + 1271*t**2 - 55*t - 360. What is l(-53)?
-254
Let s(v) = 5*v**3 + 146*v**2 + 214*v - 606. Calculate s(-3).
-69
Let o(i) = 32462*i + 1103710. Determine o(-34).
2
Let o(b) = -6*b**2 + 304*b - 1359. Determine o(5).
11
Let g(p) = 10*p**2 + 1345*p + 2686. Calculate g(-2).
36
Let f(m) = -2*m**2 + 533*m - 24617. What is f(207)?
16
Let k(y) = -3222*y - 2609864. Give k(-810).
-44
Let u(w) = -2*w**2 + 743*w - 68058. Give u(164).
2
Let r(g) = -g**3 - 59*g**2 + 32*g + 1327. Determine r(-59).
-561
Let l(q) = -q**2 - 10684*q + 1911379. Determine l(176).
19
Let j(h) = -597*h + 9050. Give j(15).
95
Let w(x) = 272*x + 1994. Determine w(-8).
-182
Let s(d) = -3*d**2 - 169*d - 3006. Give s(-35).
-766
Let j(w) = w**3 + 193*w**2 - 587*w + 1880. Calculate j(-196).
1684
Let h(j) = -150*j**2 + 32852*j - 445. Calculate h(219).
-7
Let v(d) = 179*d - 10166. Calculate v(87).
5407
Let x(u) = -9424*u - 17358. Calculate x(-2).
1490
Let u(v) = -70*v**2 - 4*v + 2. Calculate u(-2).
-270
Let a(k) = 2*k**3 + 526*k**2 - 8755*k - 115372. Determine a(-278).
-2
Let n(u) = -43658*u - 218205. What is n(-5)?
85
Let l(z) = -85*z - 1802. What is l(-25)?
323
Let f(l) = -22*l**3 - 221*l**2 - 906*l - 67. What is f(-4)?
1429
Let j(k) = 29330*k - 527947. Calculate j(18).
-7
Let u(k) = -k**3 - 130*k**2 + 13195*k - 802. What is u(-197)?
-14
Let i(q) = 91*q**3 + 3828*q**2 + 248*q + 63. What is i(-42)?
231
Let v(o) = -2*o**3 - 9*o**2 + 3937*o - 45270. Determine v(13).
-4
Let j(s) = -s**3 + 29*s**2 - 136*s - 101. What is j(19)?
925
Let x(i) = -72*i - 3126. What is x(-38)?
-390
Let w(o) = 10*o**3 + 3*o**2 + 1016*o - 122. Give w(0).
-122
Let g(n) = -n**2 + 64*n - 248. Determine g(60).
-8
Let j(i) = -4195*i + 33595. Give j(8).
35
Let a(s) = -199523*s - 1197131. What is a(-6)?
7
Let f(t) = -3758232*t + 3758226. Give f(1).
-6
Let p(s) = 547*s - 151527. Give p(277).
-8
Let d(x) = 2*x**3 - 139*x**2 + 1075*x + 24. Give d(9).
-102
Let i(r) = 22*r**2 - 2345*r + 22162. Calculate i(96).
-206
Let m(f) = 26*f**2 + 363*f + 453. Give m(-13).
128
Let l(b) = -b**3 - 15*b**2 - 12*b + 63. Determine l(-8).
-289
Let n(f) = -8*f**2 + 684*f + 608. What is n(86)?
264
Let k(c) = -269210*c + 538427. Determine k(2).
7
Let f(z) = 4*z**2 + 6669*z + 164220. What is f(-25)?
-5
Let y(g) = 5*g**2 - 684*g + 2708. Give y(4).
52
Let u(z) = -27*z - 2798. What is u(-87)?
-449
Let j(t) = 357*t - 379. Determine j(1).
-22
Let r(q) = -q**3 - 10*q**2 + 253*q + 1372. Calculate r(-5).
-18
Let s(p) = -408*p - 82831. Calculate s(-203).
-7
Let b(y) = 355*y - 4519. Give b(14).
451
Let x(l) = -38782*l**2 - 1590056*l + 263. Calculate x(-41).
17
Let z(s) = -3*s**2 + 325*s - 8182. What is z(39)?
-70
Let u(k) = -k**3 + 13*k**2 - 446*k + 4655. Calculate u(11).
-9
Let k(o) = -13729*o + 2581057. Give k(188).
5
Let k(l) = -1619*l**2 - 29051*l + 2. Calculate k(-18).
-1636
Let s(r) = r**3 - 8437*r**2 + 176742*r - 114. Give s(21).
12
Let d(l) = -55189*l - 165573. What is d(-3)?
-6
Let b(u) = -494*u + 94368. What is b(191)?
14
Let k(s) = 39*s**2 - 35913*s + 143036. Determine k(4).
8
Let s(q) = 351*q**2 + 11936*q + 51. Calculate s(-34).
-17
Let c(z) = z**2 + 36*z + 184. What is c(0)?
184
Let t(m) = 926*m - 28199. What is t(31)?
507
Let f(d) = d**3 - 29*d**2 - 123*d - 49. Calculate f(-4).
-85
Let a(w) = -45*w**2 - 2444*w - 330. Calculate a(-54).
426
Let d(u) = -u**3 + 105*u**2 - 2336*u + 1. Calculate d(73).
1
Let g(w) = 51*w**2 + 49404*w - 14520. Calculate g(-969).
15
Let i(l) = 2*l**3 + 10*l**2 + 4066*l - 12351. Give i(3).
-9
Let d(o) = -5*o**2 + 433*o. Calculate d(87).
-174
Let c(a) = -16*a + 1421. Determine c(-115).
3261
Let x(i) = 1631794*i - 13054337. Give x(8).
15
Let f(s) = -s**3 + 30*s**2 - 311*s + 1044. Calculate f(8).
-36
Let q(j) = j**3 - 19912*j**2 + 7. Determine q(0).
7
Let f(k) = 4*k**3 + 1938*k**2 + 193316*k - 4126. Give f(-344).
2
Let t(i) = 2*i**3 + 25*i**2 + 54*i + 781. Determine t(-17).
-2738
Let m(g) = -14*g**2 + 27*g + 53. What is m(-4)?
-279
Let h(r) = 11527*r + 172839. Calculate h(-15).
-66
Let a(i) = 18*i**2 + 143*i + 683. Determine a(-5).
418
Let k(p) = 5457*p + 39723. What is k(-7)?
1524
Let u(i) = -i**3 - 21*i**2 - 2315*i - 15522. Give u(-7).
-3
Let w(s) = -2*s**2 + 180*s + 7756. Determine w(122).
-52
Let l(i) = -6*i**3 + 30*i**2 - 47*i + 29. What is l(3)?
-4
Let z(f) = f**3 + 53*f**2 + 233*f - 222. Determine z(-48).
114
Let d(p) = -2*p**3 + 510*p**2 - 348*p - 40800. Determine d(254).
-160
Let x(z) = -1130*z - 11944. Determine x(-11).
486
Let s(q) = -2*q**3 - 88*q**2 + 638*q + 1891. What is s(-50)?
-9
Let k(g) = -894*g - 129003. Calculate k(-143).
-1161
Let u(g) = g**3 - 5532*g**2 + 55215*g + 43. What is u(10)?
-7
Let f(m) = m**3 + 39*m**2 - 292*m - 11475. Calculate f(-39).
-87
Let l(j) = j**3 + 130*j**2 + 704*j - 1082. Give l(-7).
17
Let l(g) = g**3 + 4*g**2 - 27*g - 63. What is l(-2)?
-1
Let y(m) = -3*m**3 + 2417*m**2 - 4038*m + 14478. What is y(804)?
6
Let t(l) = -6*l**3 + 909*l**2 - 2240*l + 9. What is t(149)?
-736
Let b(c) = c**3 + 18*c**2 - 53*c - 536. Determine b(-5).
54
Let p(b) = 2*b**3 - 417*b**2 - 6469*b + 465. Calculate p(223).
19
Let v(f) = 3*f**3 - 993*f**2 + 6305*f - 2086927. Give v(331).
28
Let m(c) = 12*c**2 + 1100. Give m(0).
1100
Let b(g) = -19*g**2 - 331*g - 1161. Determine b(-5).
19
Let w(c) = 17088*c - 6595957. Calculate w(386).
11
Let g(v) = -13608*v - 258508. What is g(-19)?
44
Let i(f) = -6*f**2 + 3123*f - 125823. Determine i(44).
-27
Let r(n) = -67509*n + 135001. Calculate r(2).
-17
Let z(j) = -355*j**2 - 3389*j + 3389. Determine z(1).
-355
Let z(r) = 2*r**3 + 1337*r**2 + 658*r - 6672. Calculate z(-668).
8
Let f(l) = 594*l - 33885. Determine f(57).
-27
Let a(q) = -7901*q**2 + 205436*q - 255. Give a(26).
5
Let l(o) = -127*o**2 - 634*o - 192. Calculate l(-5).
-197
Let y(d) = 6*d**2 + 30774*d - 30775. Determine y(1).
5
Let o(r) = -3*r**3 - 76*r**2 - 19*r - 124. Give o(-16).
-6988
Let u(w) = 7473*w - 15005. Calculate u(2).
-59
Let i(d) = -167*d + 31246. What is i(188)?
-150
Let g(q) = 17*q**3 + 30*q**2 + 131*q + 100. Determine g(-1).
-18
Let f(y) = -6*y**3 + y**2 + 203*y - 11. Give f(6).
-53
Let x(g) = 136*g + 3690. Give x(-11).
2194
Let r(j) = 58*j**2 - 364*j + 554. What is r(3)?
-16
Let f(s) = -s**3 - 888*s**2 - 105930*s + 256. Give f(-142).
-28
Let w(h) = 5*h**2 - 18154*h - 36291. What is w(-2)?
37
Let w(m) = m**3 + 37*m**2 - 2234*m + 747. What is w(32)?
-85
Let p(i) = -53*i**3 + 11615*i**2 - 1753*i + 217. Give p(219).
-2
Let n(d) = 13*d**2 - 438*d + 2153. Calculate n(6).
-7
Let q(r) = -1899*r - 1665. Give q(-1).
234
Let t(p) = p**2 - 64*p - 1048. Calculate t(92).
1528
Let k(o) = -435*o - 23031. What is k(-53)?
24
Let m(u) = 8*u**3 + 3552*u**2 + 24461*u - 4804. What is m(-437)?
3
Let n(o) = -o**3 + 6*o**2 + 2609*o - 5242. What is n(2)?
-8
Let p(f) = 8*f**2 + 344*f - 696. Calculate p(2).
24
Let m(z) = -2*z**3 - 6*z - 744. Determine m(-7).
-16
Let g(n) = 16743*n + 468513. What is g(-28)?
-291
Let a(i) = 34*i - 390. Calculate a(-11).
-764
Let n(c) = 2*c**2 + 598*c - 19023. Give n(-328).
1
Let n(a) = -a**2 + 322*a - 14880. What is n(57)?
225
Let x(v) = v**3 + 24*v**2 - 136*v + 149. Give x(4).
53
Let o(p) = 51*p**2 - 1915*p - 4475. What is o(40)?
525
Let b(r) = 23*r**2 + 1062*r + 3167. Calculate b(-3).
188
Let g(a) = -833*a - 25883. Calculate g(-31).
-60
Let d(m) = 791*m**2 + 7097*m - 75. Calculate d(-9).
123
Let f(t) = 20*t**2 - 1415*t - 26146. Determine f(86).
84
Let h(w) = w**3 - 20*w**2 - 108*w + 1754. Give h(21).
-73
Let y(n) = -950*n - 69. Give y(-1).
881
Let d(u) = 2*u**3 - 24*u**2 - 309*u + 827. Calculate d(19).
10
Let z(x) = -429*x + 7892. Give z(19).
-259
Let z(j) = 2*j**3 + 10*j**2 + 26*j + 84. Give z(-4).
12
Let a(u) = -125*u - 3423. Determine a(-25).
-298
Let t(w) = 3*w**3 - 3*w**2 - 33*w + 136. What is t(0)?
136
Let k(t) = 13370*t - 481321. Calculate k(36).
-1
Let p(b) = -36816*b - 957238. Calculate p(-26).
-22
Let b(a) = a**2 + 639*a + 74607. Calculate b(-154).
-83
Let v(b) = -15185*b - 5679196. C